3817545?
8
What is the ten thousands digit of 159899?
5
What is the thousands digit of 14277902?
7
What is the millions digit of 1896025?
1
What is the thousands digit of 7148566?
8
What is the hundreds digit of 569516?
5
What is the thousands digit of 92609?
2
What is the ten thousands digit of 372252?
7
What is the thousands digit of 2675461?
5
What is the hundreds digit of 205604?
6
What is the hundreds digit of 154781?
7
What is the hundred thousands digit of 19912511?
9
What is the ten thousands digit of 266496?
6
What is the units digit of 10301?
1
What is the hundreds digit of 1849839?
8
What is the tens digit of 7083529?
2
What is the millions digit of 1713282?
1
What is the hundreds digit of 36967322?
3
What is the thousands digit of 4938604?
8
What is the hundreds digit of 4533761?
7
What is the units digit of 1921770?
0
What is the hundred thousands digit of 917607?
9
What is the hundreds digit of 92231?
2
What is the hundred thousands digit of 1448807?
4
What is the millions digit of 9723501?
9
What is the units digit of 1735690?
0
What is the ten thousands digit of 6298972?
9
What is the ten thousands digit of 296963?
9
What is the ten thousands digit of 1237572?
3
What is the hundreds digit of 660175?
1
What is the ten thousands digit of 278699?
7
What is the hundred thousands digit of 8907034?
9
What is the hundred thousands digit of 3213996?
2
What is the hundreds digit of 2996348?
3
What is the ten thousands digit of 554703?
5
What is the units digit of 921885?
5
What is the units digit of 196787?
7
What is the units digit of 1111232?
2
What is the hundreds digit of 1202611?
6
What is the hundreds digit of 45147?
1
What is the ten thousands digit of 7233287?
3
What is the tens digit of 15182119?
1
What is the tens digit of 622278?
7
What is the hundreds digit of 271437?
4
What is the ten thousands digit of 42816?
4
What is the units digit of 655694?
4
What is the hundreds digit of 820258?
2
What is the tens digit of 4178599?
9
What is the hundreds digit of 786691?
6
What is the thousands digit of 70143?
0
What is the hundred thousands digit of 366520?
3
What is the hundreds digit of 12258588?
5
What is the ten thousands digit of 7566217?
6
What is the hundred thousands digit of 239308?
2
What is the ten thousands digit of 146378?
4
What is the hundreds digit of 3430071?
0
What is the units digit of 532553?
3
What is the thousands digit of 85882?
5
What is the hundreds digit of 9734683?
6
What is the hundreds digit of 8488023?
0
What is the millions digit of 1795658?
1
What is the thousands digit of 958746?
8
What is the thousands digit of 890394?
0
What is the thousands digit of 266416?
6
What is the tens digit of 4299730?
3
What is the hundred thousands digit of 29871739?
8
What is the tens digit of 11066430?
3
What is the millions digit of 21136659?
1
What is the hundreds digit of 2186322?
3
What is the hundred thousands digit of 1834786?
8
What is the hundred thousands digit of 1647453?
6
What is the tens digit of 1905109?
0
What is the thousands digit of 2820972?
0
What is the thousands digit of 2577221?
7
What is the hundreds digit of 701267?
2
What is the hundreds digit of 711379?
3
What is the units digit of 13967?
7
What is the ten thousands digit of 178317?
7
What is the hundred thousands digit of 366382?
3
What is the thousands digit of 5791485?
1
What is the hundreds digit of 1671438?
4
What is the tens digit of 187964?
6
What is the millions digit of 1602639?
1
What is the hundred thousands digit of 2364740?
3
What is the millions digit of 1342635?
1
What is the millions digit of 2547569?
2
What is the hundred thousands digit of 384448?
3
What is the units digit of 324145?
5
What is the units digit of 202539?
9
What is the hundreds digit of 92964?
9
What is the thousands digit of 8828036?
8
What is the hundreds digit of 8656773?
7
What is the units digit of 93412?
2
What is the hundreds digit of 37441?
4
What is the units digit of 597461?
1
What is the ten thousands digit of 275644?
7
What is the hundreds digit of 160400?
4
What is the hundreds digit of 4278528?
5
What is the thousands digit of 4112987?
2
What is the units digit of 101830?
0
What is the thousands digit of 911001?
1
What is the thousands digit of 688381?
8
What is the hundred thousands digit of 269346?
2
What is the thousands digit of 4722285?
2
What is the tens digit of 8016312?
1
What is the units digit of 2181649?
9
What is the units digit of 3449?
9
What is the tens digit of 1158840?
4
What is the hundreds digit of 670054?
0
What is the hundred thousands digit of 197418?
1
What is the hundred thousands digit of 27168654?
1
What is the units digit of 1427831?
1
What is the tens digit of 283836?
3
What is the millions digit of 11118744?
1
What is the tens digit of 15931?
3
What is the tens digit of 1886462?
6
What is the hundred thousands digit of 11039820?
0
What is the ten thousands digit of 1722882?
2
What is the ten thousands digit of 275906?
7
What is the tens digit of 14866?
6
What is the hundreds digit of 215436?
4
What is the hundreds digit of 1184694?
6
What is the units digit of 3645514?
4
What is the hundred thousands digit of 234258?
2
What is the tens digit of 525250?
5
What is the millions digit of 19000413?
9
What is the tens digit of 6195337?
3
What is the ten thousands digit of 14175518?
7
What is the thousands digit of 4413928?
3
What is the hundred thousands digit of 303952?
3
What is the units digit of 88757?
7
What is the tens digit of 1369091?
9
What is the units digit of 234599?
9
What is the hundreds digit of 5656088?
0
What is the units digit of 128246?
6
What is the hundred thousands digit of 19493023?
4
What is the thousands digit of 205230?
5
What is the hundred thousands digit of 15817381?
8
What is the units digit of 3192927?
7
What is the hundreds digit of 5564363?
3
What is the hundreds digit of 5729068?
0
What is the thousands digit of 2184117?
4
What is the units digit of 10022666?
6
What is the tens digit of 211089?
8
What is the hundreds digit of 5607121?
1
What is the hundreds digit of 2000060?
0
What is the units digit of 353005?
5
What is the units digit of 13556?
6
What is the ten thousands digit of 6974580?
7
What is the ten thousands digit of 10123804?
2
What is the thousands digit of 62583?
2
What is the thousands digit of 7681540?
1
What is the hundreds digit of 5262969?
9
What is the hundreds digit of 4808?
8
What is the hundred thousands digit of 3838384?
8
What is the thousands digit of 197432?
7
What is the millions digit of 14223591?
4
What is the hundreds digit of 499614?
6
What is the hundreds digit of 22303021?
0
What is the tens digit of 985454?
5
What is the hundred thousands digit of 308668?
3
What is the units digit of 174342?
2
What is the units digit of 7334962?
2
What is the units digit of 8434?
4
What is the hundred thousands digit of 695617?
6
What is the millions digit of 14393418?
4
What is the hundred thousands digit of 3449814?
4
What is the tens digit of 164613?
1
What is the thousands digit of 1681865?
1
What is the hundreds digit of 27577226?
2
What is the millions digit of 9182883?
9
What is the millions digit of 1866075?
1
What is the hundreds digit of 28396?
3
What is the hundred thousands digit of 598580?
5
What is the ten thousands digit of 8576728?
7
What is the millions digit of 3188021?
3
What is the millions digit of 2283438?
2
What is the thousands digit of 26385403?
5
What is the thousands digit of 6135?
6
What is the ten thousands digit of 1920691?
2
What is the tens digit of 1979684?
8
What is the tens digit of 71040?
4
What is the ten thousands digit of 855798?
5
What is the hundreds digit of 2678936?
9
What is the hundred thousands digit of 110773?
1
What is the hundred thousands digit of 251618?
2
What is the hundreds digit of 1366240?
2
What is the ten thousands digit of 2200004?
0
What is the thousands digit of 5802287?
2
What is the tens digit of 420919?
1
What is the units digit of 125179?
9
What is the hundred thousands digit of 6445891?
4
What is the hundred thousands digit of 2074888?
0
What is the hundred thousands digit of 9450579?
4
What is the thousands digit of 2720760?
0
What is the units digit of 84471?
1
What is the tens digit of 243875?
7
What 